37. Let g be r(-6). What is the highest common factor of 389 and g?
1
Let f be 20195/140 + 1/(-3 + -1). Let d(v) = v + 19. Let l be d(-10). What is the highest common divisor of l and f?
9
Suppose 0 = 46*z - 52*z - 2898. Let t = z - -670. Calculate the highest common divisor of t and 11.
11
Let k(c) = c**3 + 105*c**2 + 198*c - 158. Let f be k(-103). Calculate the greatest common factor of f and 90.
18
Suppose -8*l = -4*l - 84. Let h(z) = z**2 + 10*z + 23. Let r be h(-14). Let v = r + 5. Calculate the greatest common factor of v and l.
21
Suppose -55 = 3*c + 8. Let x(r) = 4*r**2 + 7*r - 6. Let p be x(0). Let f be c*(34/p - -3). Calculate the greatest common divisor of 7 and f.
7
Suppose 0 = 25*z - 483 + 304 - 1196. Calculate the highest common factor of z and 1133.
11
Suppose -2*q + 12 + 36 = 0. Let b(u) = 2*u**2 - 21*u + 13. Let p be b(10). What is the highest common divisor of q and p?
3
Let m be ((-139)/(-2))/(6/(-12)). Let w = 146 + m. Let n(a) = 5*a - 3. Let r be n(2). Calculate the highest common factor of w and r.
7
Let b be -6 - 1 - (-11 - -2 - 1). What is the highest common divisor of b and 16?
1
Suppose 1000 = y + 4*r, -2396 = -3*y - 2*r + 584. Calculate the highest common factor of y and 288.
32
Let h = -1234 + 1255. Suppose w - 3*w = -294. What is the highest common factor of w and h?
21
Suppose -5*n + 226 = 3*j - 764, -1002 = -3*j - 3*n. What is the highest common factor of j and 425?
85
Suppose 36*g + 634 = 39*g - 4*m, 8*m = -8. Calculate the greatest common divisor of g and 546.
42
Suppose -4*c = -y + 152, 2*y - 5*y - 3*c + 531 = 0. Calculate the highest common divisor of 129 and y.
43
Suppose -5*w - 2171 = -3*v - 23738, 4*v - 25888 = -6*w. What is the highest common factor of 6 and w?
6
Suppose 0 = 4*o - 1788 + 672. Suppose 0 = 31*s + o - 1767. Let q = 11 + 1. What is the greatest common divisor of s and q?
12
Suppose 1642*s - 1636*s = 6210. Calculate the greatest common divisor of s and 69.
69
Suppose 96*d - 101*d - 2*z + 21571 = 0, -d - 4*z + 4343 = 0. What is the greatest common divisor of 9 and d?
9
Let m = -1111 + 1147. Suppose 9*o = 7*o + 504. What is the highest common factor of m and o?
36
Let t(g) = -g**2 - 5*g - 2. Let c be t(-2). Suppose 0 = 2*p + c*p - 24. Let x be p + 0 + 6 + 4/(-2). Calculate the greatest common factor of x and 8.
8
Suppose -8*o + a + 10414 = 0, -6*o + 3904 = -3*o - a. What is the greatest common factor of 378 and o?
42
Let g = -44728 - -45580. Calculate the highest common factor of 204 and g.
12
Suppose -34895 - 31592 - 39515 = -351*j. Calculate the highest common factor of j and 5285.
151
Let b = -434 - -423. Let m be b*(7 + (-16 - -8)). What is the highest common divisor of m and 1078?
11
Suppose 5*b = -0*k + 2*k - 530, 0 = 5*k + 4*b - 1391. Suppose 0 = 6*t - 730 - 170. Suppose 0 = c + 5*c - t. Calculate the greatest common divisor of k and c.
25
Let b = 4675 - 3891. What is the highest common factor of 16 and b?
16
Let g(x) = -657*x + 9453. Let q be g(13). Let k be 332/14 + (-12)/(-42). Calculate the greatest common factor of k and q.
24
Let a = -365149 + 365167. Suppose 0 = -2*m + 904 + 518. Calculate the highest common factor of m and a.
9
Let y be (1455/3201)/((-2)/(-22)). Suppose 3*a = 6*a - i, 2*i - 6 = 0. What is the highest common factor of a and y?
1
Suppose 49*m + m = -27*m + 6468. Calculate the greatest common factor of 483 and m.
21
Let d be 4/(-4) + (1 - (3 + -5)). Suppose k = 2*w + 17, d*k - 14 - 2 = -2*w. Calculate the greatest common factor of k and 1474.
11
Let t = 8 - 7. Let p be 31 - (t + 6/3). Let u = 63 - 21. Calculate the greatest common factor of u and p.
14
Let c be (-644)/(-84) + (-22)/((-2)/5*-15). Suppose 5*t - 40 = -k, 0*k + 4*k + 4*t - 96 = 0. Calculate the highest common factor of c and k.
4
Let y = -77 + 107. Let a = y - 27. Let s be 37/a - 21/63. What is the highest common factor of 12 and s?
12
Suppose i = -2*l - 0*l - 4, 0 = 2*i - 5*l - 28. Suppose i*x - 68 = -4. Let j = -15 + x. What is the highest common divisor of j and 1?
1
Suppose -19*w + 4*q = -16*w - 2809, 5*q + 2813 = 3*w. Calculate the greatest common divisor of 152 and w.
19
Let j(i) be the third derivative of -i**6/120 - i**5/6 - 23*i**4/24 - 13*i**3/2 + 138*i**2. Let n be j(-8). What is the greatest common factor of n and 1?
1
Let l be 2/(-5) - 108/(-20). Suppose 0 = 3*k - l*s + 774, 3*s + 349 + 167 = -2*k. Let o be (6 - k)*2/3. What is the greatest common factor of 16 and o?
16
Suppose -475*v - 127584 - 155644 = -486*v. Calculate the greatest common factor of 41 and v.
41
Suppose 201*b - 118*b = 830. What is the highest common factor of b and 295?
5
Suppose -530 + 1412 = -2*q. Let c = 452 + q. What is the greatest common divisor of 121 and c?
11
Suppose 0*v = 2*v + 3*v. Let q be 22 + 2 - v/(3 + -4). Calculate the greatest common divisor of 36 and q.
12
Let x = 22 - 262. Let w be 3/5*x/(-8). What is the highest common divisor of w and 612?
18
Suppose -6120*a + 6122*a - 12 = 3*k, -45 = -a - 5*k. Let h(f) = 16*f**2 + 2*f + 1. Let g be h(-1). Calculate the greatest common factor of g and a.
15
Let v(l) = 25*l**2 + 276*l + 1079. Let k be v(-4). Calculate the greatest common divisor of 2085 and k.
15
Suppose 4*z = -z + 15, 2*b - 2*z = -258. Let g = b + 140. What is the highest common factor of 42 and g?
14
Suppose -2*d + 58 = -0*d. Let l = d - -48. Suppose 2*y = 5*o - 39, 3*o - 3*y + 76 - 103 = 0. What is the greatest common divisor of o and l?
7
Let g be -5*((-2)/(-6))/(45/324). Let o be -8*3/g - -14. What is the highest common divisor of 144 and o?
16
Suppose -v = -3*n + 178, -2*n + v = -0*v - 118. Suppose -15*p + 20*p = -n. Let l be 2*30/p + 9. Calculate the greatest common factor of l and 4.
4
Let k = 16454 - 15344. Calculate the highest common factor of k and 40.
10
Let n = 3599 + 709. Let r be n/33 - 108/198. Calculate the highest common divisor of 10 and r.
10
Suppose 14*d - 17 = 11*d - o, d = 2*o + 15. Let k be (46 - 15) + -3 + d. What is the highest common divisor of 5 and k?
5
Let u(x) = x - 10. Let h be u(-6). Let w be h/24 + (-1)/3. Let v be (-6 + (-1 - -57))/(0 - w). What is the greatest common divisor of 10 and v?
10
Let j(u) = -153*u - 51. Let h(x) = 50*x + 17. Let w(y) = -14*h(y) - 4*j(y). Let l be w(-1). Calculate the highest common divisor of l and 864.
54
Let n be 177 + (-2 - (4 + -2)) + 7. Let p be 2 - ((-1)/1)/(-1 + 0). Let l be 75 - (p + -3 + 5). Calculate the greatest common divisor of n and l.
36
Suppose -27*t = 76 - 319. Let r(h) = -16*h + 247. Let g be r(10). What is the highest common divisor of t and g?
3
Suppose 0 = -70*c - 137*c + 2814993. Calculate the greatest common divisor of c and 9.
9
Let f be (-1)/(12/16) + 32/6. Suppose -f*o + 277 + 686 = -k, o = -k + 247. What is the highest common factor of 22 and o?
22
Let g = -72 + 51. Let l = 28 + g. Let z be (-7)/(1 + 6/(-5)). What is the highest common factor of z and l?
7
Suppose w + 3*m - 87 = 5*m, -4*m + 158 = 2*w. Suppose -w = -j + 1. Let h be j/10 + -1 + 12/(-30). What is the highest common factor of h and 63?
7
Let n be 5510/266 - (-4)/14. Let f = 73 - n. Calculate the highest common divisor of f and 13.
13
Let l(c) = 44*c + 112. Let p = 584 - 584. Let o be l(p). What is the highest common factor of 896 and o?
112
Suppose -5*i = -q - 25, -i + 2*i + 3*q + 11 = 0. Suppose 3*b - 331 = -5*f, 0 = -6*f + i*f - 8. Calculate the highest common divisor of 52 and b.
13
Suppose 3*d + 8 = -7. Let h = -1 - d. Suppose -m + h*l - 9*l = -126, 3*l = 4*m - 550. Calculate the greatest common factor of m and 34.
34
Let g = 136 + -29. Let x be -6*(-3)/(-6) - g. Let w be x/(-6) - (4/(-12))/(-1). What is the highest common divisor of 18 and w?
18
Suppose -25*w = 986 - 3136. Suppose s - 1 = 0, -4*s = -p + 46 - 1. Let d = -6 + p. Calculate the greatest common divisor of w and d.
43
Suppose 0 = -2*t + 5*x + 585, 17*t + 294 = 18*t - 2*x. What is the greatest common factor of t and 140?
20
Let j = 10360 + -8596. Calculate the greatest common factor of j and 392.
196
Let n be 10/(1/(96/80)). What is the highest common factor of n and 808?
4
Let j(s) = -3*s + 2*s - 11 + 3*s + s. Let w be j(5). Suppose w*l = 85 + 43. What is the highest common divisor of l and 16?
16
Suppose 11*y - 18 = 1236. Suppose y = 10*p - 116. Suppose a = p + 16. What is the